 -24*a - 6598, 5*a = 2*n + 6604. What are the prime factors of a?
2, 661
Suppose 0 = 2*m + 4, -3*l - 1424 = -7*l - 4*m. List the prime factors of l.
2, 179
Let m(p) = 689*p - 484. What are the prime factors of m(5)?
3, 7, 47
Let t = 529 + -265. Suppose -4*g = u + u - t, 4*g + 4*u - 268 = 0. List the prime factors of g.
5, 13
Suppose -12 = -13*y + 66. Suppose 538 = y*h - 464. List the prime factors of h.
167
Let v(f) = 2 + 4*f**2 - 3 + 3*f**2. Let m be v(2). Let d = m - 13. List the prime factors of d.
2, 7
Let j(c) = 8*c + 7. Let m(a) = -a**3 - 15*a**2 - 3*a - 36. Let t be m(-15). List the prime factors of j(t).
79
Let n = 6468 - 3547. List the prime factors of n.
23, 127
Suppose 61 = 4*t - p, -p + 0*p = -3. Let r be (-28)/t - 4/16. Let s(h) = -15*h + 3. What are the prime factors of s(r)?
3, 11
Suppose -145 = -2*y - 27. Let s = -34 + y. List the prime factors of s.
5
Let l(y) = 21*y + 4. Let o be l(1). Let n = 29 - 12. Let r = o - n. What are the prime factors of r?
2
Suppose -5*q + 2*q + 188 = 4*x, 5*x = -20. Suppose 5*c - 175 = 2*u, -4*c + 5*u + 89 = -q. What are the prime factors of c?
3, 11
Suppose 5*b + 20 = 0, b = -5*z - 2*b - 7. Suppose -t = z - 50. What are the prime factors of t?
7
Let d(n) = -3*n**3 - n - 1. Let y be d(-1). Suppose 0 = -u + y - 0. List the prime factors of -4 + 1 + 7 + u.
7
Let z(c) = c**2 - 4*c - 8. Let y be z(6). Suppose 2*w = y*w - 114. What are the prime factors of w?
3, 19
Let a = 170 - -105. What are the prime factors of a?
5, 11
Let b(d) = 3*d**2 + d. Let g be b(1). Suppose -4*m - 55 = -67. Suppose 5*o - 3*c - 145 = 0, -m*c - 41 = g*o - 5*o. List the prime factors of o.
2, 13
Suppose -16*y = 7*y - 84295. List the prime factors of y.
5, 733
Suppose 3*f = 4*p + 31, 0 = -3*f - 3*p + 6 - 3. Suppose 0 = -4*o - r + 19 + 430, 559 = f*o - r. What are the prime factors of o?
2, 7
Suppose 5*p + 4*o = 10117, 0 = -6*o + 11*o + 10. List the prime factors of p.
3, 5
What are the prime factors of 1/4 + 10948/112?
2, 7
Suppose -3*d = -4*y + 11, 6*y - 37 = -4*d + y. List the prime factors of 0 - 3*4*(-16)/d.
2
Suppose a - 2842 = -i, -2*i = -7*i. List the prime factors of a.
2, 7, 29
Let s(d) = -d**3 + 23*d**2 - 28*d - 41. What are the prime factors of s(21)?
11, 23
Suppose 2*b + 10 = -4*s, 3*s - 2 = 2*s - 2*b. Let o be (-37)/s*-2*-4. Let c = o - 36. What are the prime factors of c?
2, 19
Suppose 0 = -51*i + 70*i - 16245. List the prime factors of i.
3, 5, 19
Let w be ((6 - 3) + -41)*-5. Let g = w + -278. List the prime factors of 5/15 + g/(-6).
3, 5
Let o = -331 - -367. Let y = 4 + -8. Let m = o - y. List the prime factors of m.
2, 5
List the prime factors of 2739 + 4 + -5 + 15 + -7.
2, 1373
Let v be 15/(-6) + 2 + (-277)/(-2). What are the prime factors of ((-20)/6)/((-280)/v - -2)?
5, 23
Let d = 507 - 223. Let x = d + -188. Suppose 0 = 6*g - 3*g - x. What are the prime factors of g?
2
Let u be (-4 - -1)*(-20)/30. Let l(c) = u*c - 2*c + 1 - 4*c. List the prime factors of l(-5).
3, 7
Let a = -200 - -281. Suppose 276 = 3*o - a. What are the prime factors of o?
7, 17
Suppose 474 = -4*x - 3942. List the prime factors of (-4)/(-6)*x/(-32).
23
Suppose 12*s = -5*s + 3978. List the prime factors of s.
2, 3, 13
Let f be -2 + (3 - 2 - -2). Suppose 2*a - 2*y - 23 = y, -2*y = a - f. What are the prime factors of (62/(-4))/(a/(-14))?
31
Suppose -85*z = -77*z - 9400. What are the prime factors of z?
5, 47
Let a(w) = w**2 + 96. Suppose -7*q + 2*q = 0. Let c be a(q). Let o = -50 + c. List the prime factors of o.
2, 23
Let x(l) = 18*l**2 - 14*l - 58. List the prime factors of x(-8).
2, 3, 67
Let j(x) be the second derivative of -2*x**3 - 9*x**2 - 14*x. What are the prime factors of j(-9)?
2, 3, 5
Let d(h) = -31*h - 895. What are the prime factors of d(-35)?
2, 5, 19
List the prime factors of (15/5 + -4)*(-431 - -2).
3, 11, 13
Suppose 3*c + 11 = 4*u, 4*u = -2*c - 4 + 30. Let h be (4/(-2))/(2/(-5)). Suppose h*s = c*s + 4. What are the prime factors of s?
2
Let t = -4 + 7. Let i(n) = 5*n + 2. Let j be i(6). Suppose t*q - j = q. List the prime factors of q.
2
Let n be 1*(-1 + 15/5). Suppose -n*q + 135 = 3*g, -3*q + 73 = 4*g - 129. List the prime factors of q.
2, 3, 11
Suppose -55 = -d + 2*j - 3, 2*d - 104 = j. What are the prime factors of (d/(-3))/((-7)/((-105)/(-10)))?
2, 13
Let z = -7 + 1. Let u be 2 + z*(-1)/2. Suppose u*q + 18 = 3*d, d = 5*d - 2*q - 38. List the prime factors of d.
11
Let b(i) = -25*i + 41. List the prime factors of b(-7).
2, 3
Let x(f) = -298*f + 340. List the prime factors of x(-13).
2, 7, 43
Suppose -6*g = -5*g - 7. Suppose -g*n = -3*n - 476. Suppose 5*o + 1 = h + 162, 0 = 3*o + 5*h - n. List the prime factors of o.
3, 11
Suppose 5*n + 521 - 96 = 0. Let p = n - -144. What are the prime factors of p?
59
Let k(c) = 20*c - 63. List the prime factors of k(23).
397
Suppose -2*f = 3*o - 4*f - 955, 0 = -5*o - 3*f + 1560. List the prime factors of o.
3, 5, 7
Let y = 12 + -9. Let k(v) = 16*v + 7. Let b be k(y). Suppose 0 = 4*m - 4*n - 244, 2 = m + 3*n - b. What are the prime factors of m?
2, 3, 5
Suppose 32 = 3*m - 13. List the prime factors of (-168)/(-20) + (-6)/m.
2
Let y be 96/(-64)*(29*-1 + -1). Suppose 0 = -9*k + 12*k - y. List the prime factors of k.
3, 5
Let p(t) = t**2 + 5*t - 4. Let i be p(-6). Suppose -3*w - 7*q + 334 = -i*q, 8 = -2*q. List the prime factors of w.
2, 59
Suppose 98*o - 3687 = 95*o. What are the prime factors of o?
1229
Suppose -4*p + 375 = -2*j + 1415, -4*p = -8. List the prime factors of j.
2, 131
Suppose 0 = -2*t - 6*g + g + 35, 0 = -5*t + 5*g. Suppose -t*m = -6*m + 32. List the prime factors of m.
2
Let s = -363 - -231. Let j = 140 + -149. What are the prime factors of ((-12)/(-8))/(j/s)?
2, 11
Suppose 4*h = 12, 2*c - 16 = -3*h - h. Suppose c*y = -y + 18. What are the prime factors of y?
2, 3
Suppose -1561*t + 1563*t = 42. List the prime factors of t.
3, 7
Let x(k) = -7*k + 8. Let t(r) = r - 1. Let s be t(-4). Let z be x(s). Let p = z + -7. List the prime factors of p.
2, 3
Suppose 6*o - 24 = 10*o. Let a(b) = 4*b**2 + 3*b + 13. Let z be a(o). Suppose g + z = 4*p, 3*p + 4*g - 200 = -2*p. What are the prime factors of p?
2, 3
Suppose 0 = -5*d + 4306 + 7329. List the prime factors of d.
13, 179
Let d(l) = 4*l**2 - 3*l - 3. Let c = -7 - -5. Let m be d(c). Suppose 4*a = -4*q + 16, -2*q + m = 3*q + 4*a. What are the prime factors of q?
3
Let c be ((-89)/(-4))/((-16)/(-64)). Suppose 0 = 2*n - c - 137. Suppose j = -4*d - 0*j + n, 32 = d - j. List the prime factors of d.
29
Let p = -36 - -85. List the prime factors of p.
7
Let j(f) = 39*f**2 + 3*f + 20. What are the prime factors of j(4)?
2, 41
Suppose g - 21 = 5*c - 10*c, 2*g + 3 = 5*c. Let u be 3/(0 - g/(-10)). Suppose -15 = -4*m + u. List the prime factors of m.
5
Suppose -8*s - 990 = -38*s. What are the prime factors of s?
3, 11
Suppose 5 = 2*y + 1, s + 5*y = 12. Suppose 116 = -6*l + 416. Suppose 2*i = s*g + 112, i - l + 0 = -5*g. What are the prime factors of i?
5, 11
Suppose 0 = 4*v - 8 - 12. Suppose -4*y = 4*g - y + 571, 2*g + 289 = -v*y. What are the prime factors of (-1)/(1/g*2)?
71
Let i = 227 - 194. What are the prime factors of i?
3, 11
Let u = 32 + -27. Suppose u*y - y = 5*t + 313, 3*t = -y + 57. What are the prime factors of y?
2, 3
Suppose q + 2 = -8. List the prime factors of (8/q)/(24/(-2340)).
2, 3, 13
Let d(g) = -27*g**3 + 4*g**2 + 4*g - 11. List the prime factors of d(-4).
5, 353
Let c(h) = h**2 + 10*h - 5. Let l be c(-11). Suppose 27 = -l*r + 177. What are the prime factors of r?
5
What are the prime factors of (-32857)/(-44) - 15/20?
2, 373
Suppose 2*t + 3*t = 820. Let d = -4 + t. Suppose c - d = -4*c. List the prime factors of c.
2
Let m = -33 + 43. Suppose 1147 + 1043 = m*y. What are the prime factors of y?
3, 73
Let f(c) = -c + 115. List the prime factors of f(18).
97
Let q(m) = m**2 - 3*m - 6. Let c be q(-2). List the prime factors of (83/1)/(-5 + c - -2).
83
Let j be 4/(-14) + (-12291)/(-21). Suppose 0 = -44*y + 47*y - j. What are the prime factors of y?
3, 5, 13
Suppose 9*r - 10*r + 3*h + 1164 = 0, 4*r - 3*h = 4620. List the prime factors of r.
2, 3
Let o(x) = 10*x - 3. Let g be o(2). Suppose -3*n + g + 13 = 0. Suppose -8 - n = -3*y. What are the prime factors of y?
2, 3
What are the prime factors of 1/(-11) + 18410/77?
239
Let